*(-12)/(-16)?
7
Suppose 0 = 5*z + 5*y - 5 - 20, 3*y - 15 = 0. Suppose z = -6*v + v + 10. Suppose -v*s - 6 = -24. What is the units digit of s?
9
Suppose 3*d = 2*y + 15, -5*y + 3*d - 15 = -0*y. Let p = 13 + y. What is the tens digit of p?
1
Let p(m) be the third derivative of -m**4/12 - 2*m**3 - 7*m**2. Let u be p(-8). Suppose -q + 235 = u*q. What is the tens digit of q?
4
Let t(m) = -6*m**3 + m + 1. Let f(q) = q - 9. Let y be f(8). Let j be t(y). What is the units digit of 22/j + 3/9?
4
Let r(k) = k**3 - 12*k**2 + 13*k + 20. Let t = -36 - -47. What is the tens digit of r(t)?
4
Let g = -2 - -4. Suppose 3*k - 162 = 3*h, 2*k + h - 241 = -g*k. Suppose -4*o - k = -151. What is the units digit of o?
3
Suppose 4*c + 0*i - 4 = -4*i, 3*i = 9. Let j be 15/(-6) + 1/c. What is the tens digit of ((-14)/3)/(j/9)?
1
Let p(v) = -158*v**3 - 5*v - 3. Let s(f) = 158*f**3 - f**2 + 6*f + 4. Let h(l) = 4*p(l) + 3*s(l). What is the hundreds digit of h(-1)?
1
Suppose -6*r = -8 - 10. Suppose -48 - 48 = -r*f. What is the tens digit of f?
3
Let h = -100 + 739. What is the units digit of h?
9
Let t be (-6)/33 + 0 - (-3448)/88. Suppose w = 4*g + t, 2*w + 63 = 3*g + 161. What is the units digit of w?
5
What is the tens digit of (1/(-3) + 1)/(236/461262)?
0
What is the tens digit of 3 - 10 - 0 - -841?
3
Let h = -162 + 8. What is the tens digit of (-2 + -1)*h/33?
1
Suppose -4*c - 21 = -n, -2*c - 4*n + n - 21 = 0. Let l = 59 + -171. What is the units digit of l/c - (-3)/9?
9
Suppose -u + 416 = u + 5*l, 3*u + l = 598. What is the hundreds digit of u?
1
Suppose -40*f + 18566 + 8914 = 0. What is the units digit of f?
7
Let m(y) = y**2 - 18*y + 76. What is the tens digit of m(19)?
9
Let w(g) = g**3 - 3*g**2 - 3*g - 1. Let l be w(4). Suppose 0 = 4*f + r + l*r - 44, 19 = 4*f - r. Suppose -9*u + f*u = -126. What is the tens digit of u?
4
Let z(l) = l**3 + 34*l**2 + 27*l + 28. What is the units digit of z(-33)?
6
Suppose -2*y + 1260 = 21*s - 19*s, 633 = s + 2*y. What is the tens digit of s?
2
What is the hundreds digit of ((-3)/1*-1)/((-36)/(-11424))?
9
Suppose l + 3*l - 4956 = 0. Let d be l/14 - (-2)/(-4). Suppose 0*t + d = 4*g - 4*t, -35 = -2*g - t. What is the tens digit of g?
1
Let c(a) = -a**3 + 5*a**2 + 2*a - 5. Let b be c(5). Suppose 3*z + 0*t = -3*t + 147, -63 = -2*z + b*t. Suppose -o + z = 3*o. What is the tens digit of o?
1
Let t = -1 - -3. Let n be (1 - 1) + 1 + t. What is the tens digit of n/(-18)*2*-54?
1
Let g(n) = -2*n**2 + 4*n**2 - 5 - 2*n + 1. Let u = 320 + -317. What is the units digit of g(u)?
8
Let h(k) be the first derivative of -k**3/3 - k + 2. Let p be h(0). Let x = p + 5. What is the units digit of x?
4
Let v(h) = -h - 12. Let n be v(-8). Let i = n + 8. Suppose 4*m + 5*l - 2*l = 43, i*m - 44 = -4*l. What is the units digit of m?
0
Suppose 305 = 8*b - 7*b. What is the hundreds digit of b?
3
Suppose 9*l = 20*l - 22. Let o(b) = 2*b**3 - 2*b**2 + 5*b - 4. What is the tens digit of o(l)?
1
Let y be (39/(-12))/(2/24). Let p = -14 - y. Suppose 0*f = f - 1, 4*u - p = -5*f. What is the units digit of u?
5
Let s(l) = l - 3. Let q be s(6). Suppose 0*d - 534 = -q*d. What is the hundreds digit of d?
1
Let q be (-12)/(-4 - -8) + 5. Suppose -q*w = -2*u - 5*w + 32, 3 = u - 5*w. What is the tens digit of u?
1
Let k be ((-4)/(-5))/((-8)/(-1000)). Let u = -66 + k. Let c = 46 - u. What is the units digit of c?
2
Let z(b) = 4*b**2 - b - 4. Let a be z(2). Suppose 0 = 2*n - u + 4 - 1, -3*n = 4*u + a. What is the units digit of 0/3 - (n + -22)?
4
Let u = 28 + -23. Suppose -u*s + 8 + 27 = 0. What is the units digit of 981/21 - (-2)/s?
7
Let y = -14 + 21. Suppose -4*j + 4*r = -8, -j + y*r + 6 = 4*r. Suppose 2*l = 4*a + 26, 2*l + j*l - 2*a = 22. What is the units digit of l?
9
Let t = 223 - 103. Let g be (-15)/(-6)*(-29 + -1). Let u = g + t. What is the tens digit of u?
4
Let d = 27 + 7. Suppose 5*j - 429 = -d. What is the units digit of j?
9
Let m be ((-18)/(-15))/(4/10). Suppose -2*u = -3*t + 16, 2*t + 0*u - 19 = m*u. Suppose 0 = -2*i - 6, -t = 4*z + 3*i - 5. What is the units digit of z?
3
Suppose -2*q = -3*j + 1013 - 129, 4*j + 3*q = 1207. Let r = -106 + j. What is the tens digit of r?
9
Let l be (-66)/(-2) - 7/35*15. What is the units digit of (l/4)/(4 + 174/(-44))?
5
Let l be 3/(-1)*1 - -12. Let a(j) = 3*j - 4 + 1 - 1. What is the tens digit of a(l)?
2
Suppose -3*n - 9 = 0, 5*m = n + 250 + 148. What is the units digit of m?
9
Suppose 0 = -4*v + 12, 2*d - 3*v + 204 - 841 = 0. What is the units digit of d?
3
Suppose 3*v - 12476 = 4*i, 8*v = 13*v - 3*i - 20808. What is the hundreds digit of v?
1
Suppose 748 = 5*x + 2*q, -4*x + 5*q + 605 = -0*q. Suppose -3*h + h + x = 0. What is the units digit of h?
5
Suppose 0 = -3*d - 11 + 38. Let m be (-88)/(-72) - 2/d. Let z(l) = 51*l - 2. What is the units digit of z(m)?
9
Let i be 3 - -1*(3 + -2). Suppose 5*n = j + 497, i*j = 4*n - 310 - 94. What is the tens digit of n?
9
Suppose 3544 = 79*t - 3408. What is the tens digit of t?
8
Suppose 4*h - 16 = -i, -2*h + 0 - 2 = 3*i. Suppose 4*n + 75 = 5*r, -r + h*r - 69 = 5*n. What is the tens digit of r?
1
Suppose 27*j - 40*j + 54106 = 0. What is the units digit of j?
2
Suppose 5*u + 57*u = 140244. What is the thousands digit of u?
2
Let u(j) = -j**3 + 13 - 2*j + 16*j + 7*j**2 + 5*j**2. Let k(q) = q**2 + 30*q + 238. Let g be k(-15). What is the units digit of u(g)?
6
Let o(k) = -292*k - 168. What is the tens digit of o(-4)?
0
Suppose 2*k = 4*r - 10, 4*r + 0*r - 9 = k. Let j be (-4)/2 + (3 - k). Suppose x = j + 2. What is the units digit of x?
4
Let o be (-1)/(-3) - 3703/21. Let h = -74 - o. What is the units digit of h?
2
Let h(a) = 85*a - 178. What is the tens digit of h(3)?
7
Suppose -14*b + 544 = -408. What is the units digit of b?
8
Suppose -2*b + 17 = 1. Let c be 6924/32 - 3/b. Suppose -c = -4*h - 4*l, 3*h + 2*l - 4*l = 142. What is the tens digit of h?
5
Let k be (48/(-15) - -4)*-5. Let f = k + 120. Let i = f - 78. What is the units digit of i?
8
Suppose -9*l = -4*l - 80. Let t = -11 + l. Let c(h) = 2*h**2 + 5*h - 7. What is the units digit of c(t)?
8
Let o(m) = m**3 + 5*m**2 - 4*m - 12. Let t be o(-5). Let v = -29 - -8. Let a = t - v. What is the units digit of a?
9
Let r(p) = 41*p**2 + 9*p + 2. What is the tens digit of r(-4)?
2
Let g = -43 - 9. Suppose 0 = 5*d + 108 - 513. Let v = d + g. What is the units digit of v?
9
Let p be 2/(3/6*-1). Let h be p/8 + (-34)/(-4). What is the units digit of h/(-4) + 0 + 26?
4
Let y be (-4)/8*(3 + -9). Suppose -2*k - y = -k. Let j = 46 + k. What is the units digit of j?
3
Suppose 4*d + 12 = 0, h + 5*d - 56 - 19 = 0. What is the tens digit of h?
9
Let w = -39 - -72. Let s = 86 - w. What is the tens digit of s?
5
Let b be (-2)/(-3 - (-1 - 0))*-3. Suppose 4*k = -2*a + 42, -4*a + 6*k + 48 = 2*k. Let m = a + b. What is the units digit of m?
2
Let d(k) = 912*k**2 + 11*k + 10. What is the units digit of d(-1)?
1
Let i be 3/(-9) - (-14)/(-3). Let o = i - -32. What is the units digit of o?
7
Suppose 23*l + 2 = 24*l. Suppose -19 + 207 = l*a. What is the tens digit of a?
9
Suppose 0 = -4*j + 8*j. Let v(k) = -k + 9. Let m be v(j). Suppose -l = -3*u + 75, 7*l = 4*l - m. What is the units digit of u?
4
Let k(m) = m**3 + 6*m**2 - m + 576. What is the hundreds digit of k(0)?
5
Let h be 2/(-4)*(1 + -1). Suppose h = i - 1 - 0. Suppose -k + 0 = -i. What is the units digit of k?
1
What is the units digit of (-116)/((-376)/40 + 9)?
0
Let m(z) = -z**3. Let q be m(-2). Suppose -110 = 3*v - q*v. What is the tens digit of v?
2
Let n = 7 + -3. Let t(i) = -3 + 3*i + i**3 - n*i**2 + i**2 + 2. What is the units digit of t(4)?
7
Let j(c) = c**3 + 11*c**2 - 11*c + 8. Suppose 17 = -z - 5*y, -5*y + 6 = -z - 1. Let f be j(z). Let h = f + 21. What is the tens digit of h?
1
Suppose 2 = 2*o, -942 = 5*u - 4*o + 332. Let c = u - -142. What is the tens digit of (c/12)/(2/(-3))?
1
Let d = -112 + 196. Let m = 163 - d. What is the units digit of m?
9
Let s = 153 - 172. Let i = 39 + -5. Let z = s + i. What is the tens digit of z?
1
Suppose -4*y = -0*y. Let n be (-1*(-77)/(-55))/((-1)/5). Suppose -n*d + 2*d + 20 = y, -3*d + 66 = 3*q. What is the tens digit of q?
1
Let w(s) = -144*s**3 + 3*s**2 - 6*s - 8. What is the tens digit of w(-1)?
4
Let y(k) = k**3 + 13*k**2 + 2*k - 13. Let g be (-101)/9 - 4/(-